 = -354 + 219. Let h be (-30)/v - (-34)/9. Suppose -3*x + 0*a + a = -13, h*x = -a + 15. Calculate the greatest common divisor of x and 20.
4
Let z = 37 - 10. Let i be (-4 + (-56)/(-12))*z. What is the greatest common divisor of i and 144?
18
Let j(q) = -25 + 73*q - 28 + 50. Let s be j(1). Calculate the greatest common divisor of 28 and s.
14
Let q = 15 - 9. Let n(s) = -3*s**2 + 2*s**2 - 34 + 38. Let u be n(0). Calculate the greatest common divisor of u and q.
2
Suppose 30*r + 0*r - 10560 = 0. Calculate the greatest common factor of 32 and r.
32
Let h = 140 + -88. Calculate the greatest common divisor of 286 and h.
26
Let c(l) = l**2 + 2*l + 3. Let b be c(-6). Suppose 4*h - 2*f - 66 = 0, 3*f + 36 = 4*h - 35. Let i = -11 + h. Calculate the greatest common factor of i and b.
3
Let r be (-1590)/(-80) + 1/8. Let p = -18 + r. Suppose -77 = -p*q + q. Calculate the highest common factor of q and 11.
11
Let t(k) = -k**3 - 8*k**2 - 8*k - 4. Suppose -s = -0*s + 7. Let f be t(s). Let r = f + 3. Calculate the greatest common divisor of 4 and r.
2
Let s(z) = -z + 4. Let u be s(0). Suppose 9*g = 4*g + 15. Suppose 0 = u*i + 5*d - 14, 0 = -g*i + 6*i - d - 1. What is the highest common divisor of 9 and i?
1
Suppose -176 = -99*z + 91*z. Calculate the highest common factor of 1012 and z.
22
Let p be 345/60 + 2/8. Let o be ((-6)/(-6))/((p/3)/330). Calculate the greatest common factor of 15 and o.
15
Suppose 11*x = 127 - 380. Let h = 25 - x. Calculate the highest common divisor of 16 and h.
16
Let s = 136 + -121. Calculate the greatest common divisor of 5 and s.
5
Let x(n) = 32*n**2 - 16*n + 25. Let g be x(4). What is the highest common divisor of 11 and g?
11
Suppose 0 = -2*w - 2*w - k + 18, 0 = k - 2. Let r be 6 - (4 - w)/4. What is the highest common divisor of 30 and r?
6
Suppose 3*c = -c - 2*p + 204, -c - 2*p + 57 = 0. What is the highest common factor of 28 and c?
7
Suppose -56*b - 90 = -57*b. Calculate the highest common divisor of b and 36.
18
Let q(j) = -j**3 + 16*j**2 + 20*j - 34. Let y be q(17). Suppose m = -3*i + 51, 3*m = -i - 2*m + y. What is the greatest common divisor of 153 and i?
17
Suppose 0 = -4*w + 7*v - 2*v + 115, -87 = -3*w + 3*v. What is the highest common factor of w and 24?
6
Let k(d) = d**2 - 6*d - 11. Let j be k(-11). Suppose 18*w + 427 = 1219. Calculate the highest common factor of j and w.
44
Let r(d) = 5*d**2 + 3*d + 2. Let l be r(-1). Suppose 4*n = -2*u + 64, 35 = 2*u - 2*n - 29. What is the greatest common divisor of l and u?
4
Suppose 3*p = 4*p + 5*s - 23, 3*p + 2*s = 134. Let y = -36 + p. Calculate the greatest common divisor of y and 36.
12
Suppose -b = 2*b - 30. Suppose -7*c - b = -8*c. Calculate the highest common divisor of c and 70.
10
Let z(c) = c - 3. Let q(v) = v - 2. Let r(l) = 6*q(l) - 5*z(l). Let t be r(0). Suppose -4*i + 23 = t. Calculate the highest common divisor of i and 25.
5
Let y = 406 + -388. What is the highest common divisor of 1062 and y?
18
Let n be (-48)/(-16)*(-78)/(-18). Let a = -11 + 89. Calculate the highest common factor of n and a.
13
Let y(g) = 6*g - 32 - g + 33. Let u be y(2). What is the greatest common divisor of 77 and u?
11
Suppose 21 = -3*b + 18. Let p be (-1)/b + 28 - 0. Suppose 4*c = 5*i + 55, -2*i - 1 = -2*c + p. What is the highest common factor of 50 and c?
10
Let a(r) = -9*r - 20. Let i be a(-8). What is the highest common divisor of 26 and i?
26
Suppose -7093 = -13*g + 6284. Let b be 2/8 + g/24*2. What is the highest common factor of b and 43?
43
Let v be (8/(-2) - -19) + -2. Suppose 5*n + k + 0*k - v = 0, -25 = -5*n - 5*k. Calculate the highest common factor of n and 6.
2
Let p(c) = 2*c - 3. Let v be p(4). Suppose -2*h = 6, -2*q - v*h = 2*q - 377. What is the highest common divisor of q and 14?
14
Suppose 0 = -9*v + 4*v - 4*r + 47, -v + 3*r = 2. Let o be 70/(1/((-2)/(-4))). Calculate the highest common divisor of v and o.
7
Let l = -259 - -284. Calculate the highest common factor of l and 20.
5
Suppose 9*y - 6*y = 15. Suppose 142 = y*r + 22. Calculate the highest common factor of 12 and r.
12
Let s = 188 + 157. What is the greatest common factor of 15 and s?
15
Let l(c) = c + 4. Let i be l(-1). Suppose i = 4*p + 5*x, 0 = 2*x + 11 - 1. What is the greatest common divisor of p and 14?
7
Suppose -u - 5*c + 16 = 0, 0*c - c = -3*u + 16. Let f = u + 2. Suppose 75 = 13*h - f*h. What is the highest common factor of 6 and h?
3
Let c be -10*(46/299 + 218/(-65)). What is the greatest common factor of 4 and c?
4
Let f be -10 - -11 - (-2 + -7). Let l = f + -4. Calculate the greatest common divisor of 66 and l.
6
Suppose -n = 5*n - 288. Let d = n + -45. What is the greatest common divisor of 21 and d?
3
Suppose 0*y = -2*y. Suppose y = -s + 14 + 22. Calculate the greatest common divisor of 12 and s.
12
Let r = 13 + -9. Suppose 4*s - 2*i = 72, i + r*i - 10 = 0. Calculate the greatest common factor of 95 and s.
19
Let p be 4/(-3) + (-56)/12. Let h = p - -54. What is the highest common factor of 72 and h?
24
Suppose 4*p - 12 = o - 3*o, 3*o + p = 23. Let m = -8 + 24. What is the greatest common factor of m and o?
8
Suppose -42 - 12 = -3*g. Suppose 3*i - 160 = -w, i + 5*w = 51 - 7. Calculate the highest common divisor of g and i.
18
Let y(x) = 5*x**2 - 2. Let v be y(-2). Suppose -100 = -5*z + 5*u, -5*z + 121 = -29*u + 27*u. What is the highest common divisor of z and v?
9
Let d(b) = b**2 + b + 4. Let z be d(7). Suppose -k = 3*s - 3*k - 78, -z = -2*s + 4*k. What is the highest common factor of s and 192?
24
Let i = -4 + 9. Let r = -8006 - -8008. What is the greatest common divisor of i and r?
1
Suppose 3*a - 266 = 2*a + 4*b, 4*a = 3*b + 1077. What is the greatest common factor of 594 and a?
54
Let r be (-2)/5 - 357/(-5). Suppose 4*t + 0*t + 194 = -2*n, 197 = -4*t - 3*n. Let q = r + t. Calculate the highest common divisor of 216 and q.
24
Let b(c) = c**3 + 5*c**2 + 15*c. Let g be b(-5). Let v = -61 - g. What is the highest common factor of 98 and v?
14
Let d be 146*(0 + -1 + 2). Let l = d - 77. Suppose l - 5 = 4*z. Calculate the highest common divisor of z and 80.
16
Suppose 0 = -25*x + 41*x - 64. Calculate the greatest common factor of 6 and x.
2
Let o(g) = 110*g - 568. Let u be o(6). Calculate the highest common factor of 8 and u.
4
Let l(t) = -251*t**3 + t**2 - t. Let q be l(1). Let h = q - -421. Calculate the highest common factor of h and 10.
10
Suppose 8*y - 11*y = 0. Suppose y = w - 0*w - 1. Let h be (20/(-16) + w)*-4. Calculate the highest common factor of h and 5.
1
Suppose 8*u - 8 = 40. Suppose 3*o - 65 = 2*d + 59, 3*d + u = 0. Calculate the highest common divisor of 5 and o.
5
Let z = -44 + 49. Suppose -z*q + 26 = 8*q. Calculate the greatest common factor of q and 12.
2
Let h be 102 + 7/(28/(-24)). What is the greatest common divisor of h and 2?
2
Suppose -32 = 5*f - 57. Suppose 5*t = 2*b - 163, -b + 90 = t + f. Calculate the highest common divisor of 56 and b.
28
Let i be -7*(0/2 + (-3 - 0)). Let p be -2 + (2 - (-6 + 2)). Suppose -2*r + 8 = 0, -p*r = -2*o + 1 - 3. What is the greatest common factor of i and o?
7
Let o = -36 + 35. Let u be (o - 0)/(6/(-192)). What is the highest common factor of u and 8?
8
Let z(u) = u**3 - 9*u**2 + 2*u - 16. Let y be z(9). Let c be (-3 - (1 + -5)) + y. What is the highest common factor of 27 and c?
3
Suppose 15*t + 1 = 16*t - 5*d, 4*t = -d + 46. Calculate the highest common divisor of 1 and t.
1
Let y(h) = 4*h**2 - 2*h + 1. Suppose 3 = -2*f - 1. Let m be y(f). Let x = 9 + -6. Calculate the greatest common divisor of m and x.
3
Let n(q) = 2*q**2 - 4*q - 6. Let s be n(3). Suppose -110 = -3*l - s*l - 5*h, 3*h = -4*l + 132. Calculate the highest common factor of l and 20.
10
Let k = -17 + 30. Let t = 15 - k. Suppose 3*b - 4*q = -t*b + 27, 0 = -5*q - 15. What is the greatest common divisor of 2 and b?
1
Let u = 1 - -1. Let v = 13487 + -13484. What is the highest common factor of v and u?
1
Let h = 109 + -108. Calculate the greatest common divisor of h and 39.
1
Suppose 4*i + 0 = -3*v + 2, -i = 3*v - 5. Let a be 55 + 8 + i + (-1)/(-1). Calculate the highest common factor of a and 18.
9
Let b(m) be the first derivative of -m**4/4 + m**3 + 3*m**2/2 - 8. Let p be b(3). Calculate the highest common factor of 63 and p.
9
Let f be ((-4)/(-3))/((-812)/924 - -1). Let r(s)